*k. List the prime factors of j(h).
2, 3
Suppose -4*s + 3*p = -10687, -4*s + 8438 = 3*p - 2219. List the prime factors of s.
2, 23, 29
Let t = -4704 + 17031. What are the prime factors of t?
3, 7, 587
Suppose -92*a = -234420 - 150508. What are the prime factors of a?
2, 523
Suppose -15*w - 14 = -59. Suppose -w*f - 5*u = -u - 1429, 0 = u - 1. List the prime factors of f.
5, 19
Suppose -3*f + 158580 = -51*a + 54*a, -4*f = 32. What are the prime factors of a?
2, 13217
Let r = 3413 + -2678. List the prime factors of r.
3, 5, 7
List the prime factors of ((-22950)/(-6)*-17 - -3)/(-11 - -8).
2, 10837
Suppose -w + 6570 = -3*c - 1361, -3*c + 3*w = 7929. What are the prime factors of (-2)/(-14) - c/14?
3, 7
Suppose 1107*l - 1203*l + 1903584 = 0. List the prime factors of l.
79, 251
Suppose -6*h - 2*h + 80 = 0. Suppose 90 = 5*p - 2*z + 5*z, h = p - z. List the prime factors of -26*p/(-20)*6.
3, 13
Let m(s) = -s**3 - 6*s**2 + 8*s + 9. Let l be m(-7). Suppose 2*q + l*t - 263 = 739, -2521 = -5*q - t. What are the prime factors of q?
5, 101
Suppose -4*b + 1807 + 1059 = -2*j, -2*j = -b + 724. Suppose 17*c + b = 19*c. List the prime factors of c.
3, 7, 17
What are the prime factors of (-12)/9*(4 - 7)*3408*1?
2, 3, 71
Let c = 4124 + -3608. What are the prime factors of c?
2, 3, 43
Suppose -7*z - 6*z + 11*z + 110976 = 0. List the prime factors of z.
2, 3, 17
Suppose 0 = -17*c - 5622 + 30935. Let w = c - 1008. Let l = -259 + w. List the prime factors of l.
2, 3, 37
Suppose -2*f + x + 9 = 0, -3*f - 2*f = 5*x. Let q(g) = -3*g - 7. Let k(s) = s + 4. Let l(h) = 5*k(h) + 2*q(h). List the prime factors of l(f).
3
Let c(w) = -13*w + 11. Let z be c(-3). List the prime factors of (-994)/(-4) + 25/z.
3, 83
Let l(z) = 4 + z**2 + 7*z + 4*z - 18*z. Let r be l(6). Let t(b) = -10*b**3 - 3*b**2 - b + 1. What are the prime factors of t(r)?
71
Let p = -63 + 51. Let t be p/(-18) - 458/(-6). Suppose -5*w = 25, 3*w - 4*w + t = 2*r. What are the prime factors of r?
41
Suppose 26*y - 7846 - 190950 = 0. List the prime factors of y.
2, 3823
Let m(j) = -4710*j + 4723. What are the prime factors of m(-6)?
32983
Let x = 7054 + -3832. What are the prime factors of x?
2, 3, 179
Suppose 11284 = i + 2*y - 12485, 2*i + 2*y - 47538 = 0. List the prime factors of i.
3, 19, 139
Suppose 0 = 4*r - 5*s - 50626 - 50198, 0 = -s - 8. List the prime factors of r.
2, 6299
Suppose 2*i - 10*i = -40. Suppose -3*p + 4 = 7, 0 = -5*j - i*p + 230. What are the prime factors of j?
47
Suppose 0 = 45*c - 37*c - 864. Suppose -c*h - 1800 = -114*h. List the prime factors of h.
2, 3, 5
Suppose -5*a + 10 = 0, -2*w + 17*a = 19*a - 10. Suppose -w*d = -2*d - 359. List the prime factors of d.
359
Suppose 11*v = -2*m + 28428, -34*m + 32*m = -3*v - 28400. What are the prime factors of m?
7, 2029
Suppose -3*z + i + 9 = 2*i, z = 4*i + 16. Let f(r) = 11*r**3 + 12*r**2 + 7*r + 2. List the prime factors of f(z).
2, 463
Suppose 126*d - 1939994 = -565712. What are the prime factors of d?
13, 839
Let v be ((1245 - -3)*(2 + -1))/1. Suppose -2*p - v = -4*t, -6*t - 5*p + 1560 = -t. List the prime factors of t.
2, 3, 13
Suppose -4*p - 4*d + 91084 = 0, -2*d - 8 + 12 = 0. What are the prime factors of p?
22769
Suppose 5*b - 6*i - 25958 + 4265 = 0, -2*i + 4 = 0. List the prime factors of b.
3, 1447
Let u(f) = -5*f**3 - 7*f**2 - 12*f - 26. Let n be u(-5). Suppose 2*b + 4*c + c - n = 0, -b = 5*c - 237. What are the prime factors of b?
13, 19
Suppose -14*p = -5 - 9. What are the prime factors of (7 - -71) + 4*p/4?
79
List the prime factors of 30/(-5) + (-7 - 2) + 10143.
2, 3, 211
Suppose -2106898 = 34*l - 293*l + 662330. List the prime factors of l.
2, 3, 11
Suppose 280*o = 284*o + h - 57506, 2*h = -2*o + 28762. List the prime factors of o.
5, 23
Let c(u) = u**3 - 16*u**2 + 11*u - 40. Let h be c(14). Let y = -149 - h. List the prime factors of y.
3, 43
Let f(v) be the second derivative of 15*v**4/4 + 5*v**3/6 + v**2 + 2*v + 56. List the prime factors of f(3).
2, 211
Let m be 5 - (0/6)/(-3). Suppose 0 = -5*b + 5*z + 1185, 0 = -3*b - 4*z + m*z + 711. List the prime factors of b.
3, 79
Let m be -3 + ((-193211)/(-95) - 4/5). Suppose -5*n + 10*n - 3*p = m, 0 = -4*n + 5*p + 1637. What are the prime factors of n?
13, 31
Let s be (5873/7 + 3)/2. Suppose 0 = a - 3*b - s, 4*b = 2*a - 3*a + 442. List the prime factors of a.
2, 5, 43
Suppose 4925 = -5*r + 995. Let b = 1610 + r. What are the prime factors of b?
2, 103
Let u(n) = -4*n - 2. Let y be u(-5). What are the prime factors of 3/5*6/(y/2445)?
3, 163
Suppose 0 = 3*v - 62 + 2. Suppose g + 3*g = v. Suppose -g*p + 2*m = -758, -4*p + 357 = 4*m - 255. What are the prime factors of p?
2, 19
Let w be 1 - 2 - (14 + -17). What are the prime factors of 18 - 2*(w + -4)?
2, 11
Let t be (90/(-12) + 7)*-6. Suppose 4*u - t*f = 894, -5*f - 54 + 710 = 3*u. List the prime factors of u.
2, 3, 37
Let l(x) = x**2 - 10*x - 523. List the prime factors of l(77).
2, 19, 61
Let x = 16474 + -12729. List the prime factors of x.
5, 7, 107
List the prime factors of 28872/1*((-17)/68)/(1/(-7)).
2, 3, 7, 401
Suppose -4 = a - 2. Let o(h) = h**2 + 2*h + 2. Let b be o(a). Suppose -77 = b*j + g - 303, j + 2*g = 110. What are the prime factors of j?
2, 3, 19
Suppose -16*i + 54*i = 331603 + 627403. What are the prime factors of i?
25237
Suppose -w + 5138 = p, 3*p - 3*w = -2039 + 17435. Suppose -6*q + p = 1973. List the prime factors of q.
17, 31
Let r be 6*(-5)/((-15)/4). Let s = r + -6. Suppose 0 = -2*h - 2 - 2, -s*k + 3*h + 30 = 0. What are the prime factors of k?
2, 3
Let o be (126/28)/((-18)/(-24)). What are the prime factors of (-625)/25*(o/3 - 25)?
5, 23
Let t(o) = -3810*o - 2161. What are the prime factors of t(-9)?
19, 89
Suppose 0 = -3*p - 5*y - 10, -19 = 4*y + 1. Let f be 9/(6/(-312)*4). List the prime factors of ((f/5)/(-1))/(1/p).
3, 13
Let b(w) = w**2 + 11*w - 147. Let d(u) = u**3 + 9*u**2 + 11*u - 40. Let y be d(-7). List the prime factors of b(y).
5
Let y(a) = 35*a - 206. Let u be y(6). List the prime factors of (879/5)/(-1*u/(-20)).
3, 293
Let v(d) = 3*d**2 - 5*d + 4. Let r be v(0). Suppose j + 4680 = r*t, -t = 15*j - 19*j - 1170. List the prime factors of t.
2, 3, 5, 13
Suppose -15*l - 179 + 404 = 0. Suppose -l*d - 2*p = -12*d - 5224, 4*d + 5*p = 6956. What are the prime factors of d?
2, 109
Let j(r) = -248*r**3 - 9*r**2 - 41*r - 22. Let w(x) = -372*x**3 - 14*x**2 - 64*x - 33. Let h(o) = 8*j(o) - 5*w(o). What are the prime factors of h(-2)?
23, 43
Suppose -5*p = 4*x - 1570 + 435, -300 = -x + 2*p. Suppose 2*s + 458 = 3*s. Let v = s - x. List the prime factors of v.
2, 3, 7
Let a(w) = -w**3 - 12*w**2 + 37*w + 29. Let j be a(-15). Suppose 6769 = -j*y + 156*y. List the prime factors of y.
967
Suppose 2508 + 2942 = 5*n. Suppose -3*v + 5*a = -8*v + n, -3*a - 1090 = -5*v. List the prime factors of v.
2, 109
Suppose 15*p + 18180 = 28023 + 60432. List the prime factors of p.
5, 937
Let m = -383 + 383. Let b(j) = -j**2 - 8*j + 932. What are the prime factors of b(m)?
2, 233
Let h be (0 - -9) + -2 - 2. Suppose 349 = 3*n - 4*t, 559 + 11 = h*n + 5*t. List the prime factors of n.
5, 23
Suppose -14*t = 7*t - 94935 - 342138. List the prime factors of t.
13, 1601
Let t = 9639 - 9363. List the prime factors of t.
2, 3, 23
Suppose -y - r - 18 = -17, 2*r - 23 = 3*y. What are the prime factors of 67782/110 + 4*(-1)/y?
617
Let n(m) = -3713*m - 909. What are the prime factors of n(-5)?
2, 2207
Let i(g) = -4*g - 75. Let n be i(-19). What are the prime factors of 9 - -152 - ((-15)/3 + n)?
3, 5, 11
Let n(a) = -4*a**2 - 146*a**3 + 2 - 146*a**3 + a - 119*a**3 + 475*a**3. What are the prime factors of n(2)?
2, 5
Let t be (-9)/6*-1*2. Suppose 3584 = t*p + 2*i, p - 29*i - 1204 = -25*i. What are the prime factors of p?
2, 13, 23
Let i(x) = 5*x + 29. Let l be i(-5). Suppose 9*m - 45 = l*m. Suppose m*r - 5*r - 918 = -3*t, 2*t - 1144 = -5*r. List the prime factors of r.
2, 3, 19
Let i(k) = -2*k**3 - 85*k**2 - 94*k + 714. What are the prime factors of i(-47)?
25013
Let m be (-10)/45*-9 - -34. Suppose -m*j + 15247 = -1169. What are the prime factors of j?
2, 3, 19
Let y(u) = 16*u + 2. Let o be y(1). Suppose -4*w - 2*t + o = -0, 2*t = 4*w - 6. Suppose n + g = -18 + 62, w*g = 0. List the prime factors of n.
2, 11
Let u(n) = -4*n - 31. Let f be u(-7). Let 